33. Let i(t) = -t**2 - 4 - 4 + t + 17 - 6 - 7. Let m(n) = 2*i(n) - l(n). Calculate m(10).
5
Let j(r) = 2*r**2 + 7*r + 5. Let f(m) = m**3 - 7*m**2 - 29*m + 9. Let k be f(11). Let t be 8/(-60) - k/45. Calculate j(t).
9
Let p(h) = -6*h + 23. Let r = 42542 - 42542. What is p(r)?
23
Let i(u) = 7*u + 10. Let x(z) = 3*z + 2. Let j(m) = i(m) - 4*x(m). Let k be (-1)/(-2 + 14/8). What is j(k)?
-18
Let f(o) = 2*o**2 + o - 4. Let a be -2 - ((3 - 4) + -4). Suppose 0*m - 14 = -a*m + 5*y, 0 = -5*m + 3*y + 34. Let v be 28/m*-2 - -4. What is f(v)?
11
Let w(r) = -54*r - 47. Let i(j) = 13*j + 15. Let l(h) = 7*i(h) + 2*w(h). Calculate l(1).
-6
Let i(u) = -3*u - 4*u + u. Let a be ((-4)/(-8) - 1)*0/1. Suppose -2*q = 3*q + 2*z + 1, 4*q - 3*z + 10 = a. Determine i(q).
6
Suppose 155*r + 540 = 47*r. Let z(i) = -i**3 - 3*i**2 + 10*i + 17. Calculate z(r).
17
Let v(x) = 2*x + 1. Let d = -85 - -81. Let g be d/(-2) + -2 + 8 + -5. Determine v(g).
7
Let p(k) = -4*k. Let f be p(1). Let s(z) = z + z + 28725 - 28723. What is s(f)?
-6
Suppose -58*x + 66*x = 3808. Let m = x - 481. Let v(b) = -b - 11. Determine v(m).
-6
Let b(f) = f**3 + 16*f**2 + 17*f + 6. Let l = -10635 + 10620. Determine b(l).
-24
Let p(l) be the second derivative of -11*l**4/6 - l**3/3 + l**2/2 + 2*l. Suppose 653*q - 658*q - 2*m - 19 = 0, -4*q = 2*m + 20. Calculate p(q).
-23
Let t(s) be the third derivative of 0 + 0*s - 108*s**2 + 0*s**3 - 1/20*s**5 - 7/24*s**4. What is t(-3)?
-6
Let a(q) = -21*q**2 + 9*q - 25. Let s(m) = 132*m**2 - 56*m + 150. Let u(d) = -25*a(d) - 4*s(d). Determine u(-6).
-77
Let x(p) = p**3 + 25*p**2 + 47*p + 13. Suppose 107 - 43 = -3*g - y, 2*y = 10. Give x(g).
-10
Let r = -113 - -159. Let l(d) = -d**2 + 51*d - 222. Give l(r).
8
Suppose 3*x - 2*x = -5*j + 8, 3*j = -4*x - 2. Let y(k) be the first derivative of k**4/4 - k**3 + 3*k**2/2 - 5*k - 65. Determine y(j).
-3
Suppose 5*x = 8*x - 60. Let j(t) = 20 + 0*t - x + 8*t. Determine j(-3).
-24
Let u(b) = -4*b**3 - 11*b**2 + 11*b + 5. Suppose 42 - 154 - 28 = 35*h. What is u(h)?
41
Let c(p) = 3271*p**2 + 12*p + 21 - 3273*p**2 - 13. Calculate c(0).
8
Let p(o) = -6*o - 12. Let b be (-307)/(-3070) - (0 - 169/10). Determine p(b).
-114
Suppose -455 = 4*x - 487. Let u(n) be the third derivative of -n**7/5040 + n**6/720 - n**5/20 - n**2. Let z(b) be the third derivative of u(b). What is z(x)?
-7
Let v(h) = -h**3 + 12*h**2 + 27*h + 11. Let d(t) = 1263*t - 3775. Let o be d(3). Give v(o).
-3
Suppose -s = -2*s + 2. Let d(a) be the third derivative of a**6/60 + a**4/8 - a**3/6 + a**2 - 3*a - 263. What is d(s)?
21
Let m(w) = -7*w + 58. Let v(c) = 3*c**2 + 156*c - 488. Let b be v(-55). Calculate m(b).
9
Let u(g) = 255*g + 1791. Let m be u(-7). Let s(a) = -a**3 + 8*a**2 - 9*a + 5. Give s(m).
23
Let r(i) = 4 - 17*i**2 + 12 + 3*i**3 + 0*i**3 + 35*i - 29*i**2 - 6. Let m(w) = w**3 - 16*w**2 + 12*w + 3. Let h(n) = -11*m(n) + 4*r(n). Determine h(7).
14
Let v = -7763 + 7747. Let o(m) = m + 22. Give o(v).
6
Let g(w) = w - 16. Let q be g(15). Let o be q*(-1 + 1 + 0). Let l(j) = -12 + 0 - 4 + j + j**2 + 2. What is l(o)?
-14
Let p(j) = 17*j - 7. Let r(x) = x**2 + 33*x + 2. Let w(q) = -5*p(q) + 2*r(q). Calculate w(6).
-3
Let f(i) = -i**2 - 7*i - 5. Let k = -3 + 3. Let z(q) = -2*q + 4. Let g be z(-10). Suppose -y + 6*y - 2*p + 18 = k, 5*y + g = -4*p. What is f(y)?
7
Let a = 63 - 59. Let z(t) = -5*t + 65*t**3 - 66*t**3 + 4 - 3 + 5*t**2. Determine z(a).
-3
Let f(i) = -i + 18. Suppose 0 = 73*j - 117*j + 660. Give f(j).
3
Let b(i) be the first derivative of -2*i**3/3 - 3*i**2/2 + 4*i - 722. Let y(v) = v**3 + 7*v**2 + 6*v - 3. Let f be y(-6). Calculate b(f).
-5
Let b(k) be the first derivative of -k**3/3 - 17*k**2/2 + 4*k - 1594. Determine b(-10).
74
Let l(f) = -f**3 + 5*f**2 - f + 3. Let b(k) = 2*k**2 - 7*k + 6. Let i be b(2). Suppose -d + 4 = -i. Determine l(d).
15
Let y(i) = i**3 - 5*i**2 + 3*i - 1. Let o be -15*(-1 - (-1 + 4/10)). Let l(w) = -o + 16*w - w - w**2 - 5*w. Let f be l(9). What is y(f)?
-10
Let j(x) = -x**3 + 11*x - 16. Let c be j(3). Let m(l) = -5*l**2 + 16*l - 6. Let b(o) = -9*o**2 + 31*o - 12. Let d(p) = -6*b(p) + 11*m(p). What is d(c)?
6
Let c(v) = -29 + v**2 + 0*v + 2*v + 5*v - 2*v + 41. Give c(-6).
18
Let q(i) = 70389*i - i**2 + 0*i**2 - 2*i**2 - 70549*i - 59. Determine q(-53).
-6
Let j(a) be the third derivative of -a**6/120 - a**5/6 - a**4/6 + 7*a**3/6 - 100*a**2. Give j(-9).
-38
Let u(c) = -31*c - 305. Let n be 19 - (5 - -5 - -19). Determine u(n).
5
Let y(c) = 3 + 120*c**2 - 56*c**2 + c**3 + 5*c - 56*c**2 + 4*c. Suppose i - 3*l + 12 = -2*l, -2*i - 9 = l. Give y(i).
-11
Let c(f) = 15*f**2 - f - 2. Let p(o) = -48*o - 133. Let u be p(-6). Let r = 153 - u. Calculate c(r).
60
Let t(c) = -2 - 11*c + 20*c - 13*c - 14. Give t(-3).
-4
Let d(n) = -n**2 - 3. Let o be d(0). Let f be 4 - (o/6*2 + -2). Let k(r) be the third derivative of -r**4/12 + 5*r**3/3 - 4*r**2. What is k(f)?
-4
Suppose 34 = -7*n - 13*n + 154. Let w(y) = -y**3 + 6*y**2 - 14*y + 6. Calculate w(n).
-78
Let j(p) = -2*p**2 - p + 10. Suppose -9*d = -44*d. What is j(d)?
10
Let g(j) be the second derivative of -2*j**3 - 401*j**2/2 + 3962*j. Give g(-33).
-5
Let n(z) = -5*z**2 - 13*z - 111 + 3*z**2 + z**3 + 10*z + 112 + 5*z. Give n(3).
16
Suppose 0*f = -2*f + 24. Suppose 0*y - 3*y = -f. Let r(z) be the second derivative of z**4/12 - 5*z**3/6 + z**2/2 - 10*z - 1034. Determine r(y).
-3
Let q(o) be the first derivative of -o**3/3 - 4*o**2 - 9*o - 7180. Let z = 6 + -11. Calculate q(z).
6
Let c(u) = -7*u**2 + 2*u**3 + u**3 - 2*u**3 + 61 - 67. Suppose o - 6 = 11*g - 12*g, 2*g + 23 = 3*o. Give c(o).
-6
Let i(d) be the second derivative of -d**5/20 - d**4/12 + 7*d**3/6 - 4*d**2 - 7728*d. Determine i(3).
-23
Let p be 7 - 5/10*(-1 + 1). Let k(s) be the second derivative of s**6/720 + s**5/15 - 7*s**4/6 + 4*s. Let b(f) be the third derivative of k(f). Calculate b(p).
15
Let p = 44 - 104. Let g = p + 66. Let m(c) = -3*c + 4*c - c**2 + 1 + 2*c + 2*c. What is m(g)?
-5
Suppose -199 = -55*j - 34. Let v(r) = -3*r**2 + 16 - r**j - 2*r - 10 - 9. Let l = -7 - -5. What is v(l)?
-3
Let q = 209 - 205. Let g(u) = 2 + 2*u + 3*u - 8*u - q. Calculate g(-4).
10
Let g(c) be the second derivative of c**5/20 + c**4/4 + c**3/6 + c**2/2 + 1232*c - 2. Suppose -2*n + 0*n = 0. Let m = n + -2. What is g(m)?
3
Let v(w) be the third derivative of -1/12*w**4 + 232*w**2 + 0*w - 1/3*w**3 + 0. Calculate v(-3).
4
Let z be (1/3)/(16/48). Let d be (z/(-5))/((-2)/10). Let x(g) = 13*g**3 - g**2 + 2*g - 1. What is x(d)?
13
Let k be 15/20 - (-210)/8. Let t = -4 - k. Let i = t + 34. Let q(v) = -v + 2. What is q(i)?
-1
Let l(f) = f**3 + 4*f**2 - 3*f - 13. Let p(d) = d**3 + 20*d**2 + 19*d + 2. Let z be p(-19). Suppose 12 = -3*s - 5*j, z*j - 8 = 9*s - 7*s. Determine l(s).
-1
Let l(r) = -9*r + 137. Let a(j) = 4*j - 41. Let m(k) = -7*a(k) - 2*l(k). Give m(2).
-7
Suppose -35 = 2*j + 3*j. Let t(q) be the first derivative of -q**3/3 - 4*q**2 - 10*q + 1537. Determine t(j).
-3
Let r(l) = -6*l + 4. Suppose 34*d + 16*d = 16*d + 68. Calculate r(d).
-8
Let y(i) = i**3 - 26*i**2 + 1. Suppose -3*k + 5*v + 58 = 0, -468 = 3*v - 480. Give y(k).
1
Let q(o) = -23*o + 4 + 66*o - 20*o - 1 - 21*o. Let x(b) = b. Let s be x(3). Give q(s).
9
Suppose 5*y - 12 = 18. Let r(k) = -6*k**3 + 74*k**2 + 38*k - 260. Let l(u) = u**3 - 12*u**2 - 6*u + 41. Let g(h) = 38*l(h) + 6*r(h). What is g(y)?
-2
Let p(u) = -u**2 + 8*u - 6. Let h(r) be the first derivative of -2*r - 1/3*r**3 - 12 + r**2 + 1/4*r**4. Let l be h(2). Calculate p(l).
6
Let t be 24/20*50/16*8. Let g(x) = 28*x + t*x + 25*x - 11 - 85*x + x**2. Calculate g(5).
4
Let s(y) = y**3 - y**2 + 6*y - 1. Let v(d) = d**3 - 3*d**2 + 7*d - 1. Let h = 18 + -22. Let f(x) = h*s(x) + 3*v(x). Suppose 6 = 4*o + 22. Determine f(o).
-3
Let d be (8 + -7)/(1/4). Suppose -a = g + g - 85, -169 = -d*g - 3*a. Let y = 38 - g. Let o(b) = b**2 + 6*b + 5. Determine o(y).
0
Suppose -3*x + 170 = -0*m + 5*m, 276 = 5*x + m. Suppose 5*w - 5 = x. Suppose 5*v - w = -37. Let q(o) = -o**2 - 2*o - 2. What is q(v)?
-17
Let m be 3/(-7) - (-73)/7. Let h(z) = z**3 - 166 - m*z + 76 + 80 - 11*z**2. What is h(12)?
14
Let m(a) be the first derivative of -a**5/30 + 5*a**4/8 - a**3/3 + 7*a**2/2 + 9. Let f(x) be the third derivative of m(x). What is f(6)?
-9
Let x(s) = 20*s**2 -